{"id":7,"date":"2024-05-27T10:36:54","date_gmt":"2024-05-27T08:36:54","guid":{"rendered":"https:\/\/endocrinordominguez.com\/?page_id=7"},"modified":"2024-05-28T11:09:30","modified_gmt":"2024-05-28T09:09:30","slug":"inicio","status":"publish","type":"page","link":"https:\/\/endocrinordominguez.com\/","title":{"rendered":"Inicio"},"content":{"rendered":"\n<p><\/p>\n\n\n\n<div class=\"wp-block-columns is-layout-flex wp-container-core-columns-is-layout-1 wp-block-columns-is-layout-flex\">\n<div class=\"wp-block-column is-layout-flow wp-block-column-is-layout-flow\">\n<figure class=\"wp-block-image size-large\"><img loading=\"lazy\" decoding=\"async\" width=\"632\" height=\"1024\" src=\"https:\/\/endocrinordominguez.com\/wp-content\/uploads\/2024\/05\/Roberto-1-632x1024.png\" alt=\"Dr. Roberto Dom\u00ednguez endocrino\" class=\"wp-image-19\" srcset=\"https:\/\/endocrinordominguez.com\/wp-content\/uploads\/2024\/05\/Roberto-1-632x1024.png 632w, https:\/\/endocrinordominguez.com\/wp-content\/uploads\/2024\/05\/Roberto-1-185x300.png 185w, https:\/\/endocrinordominguez.com\/wp-content\/uploads\/2024\/05\/Roberto-1-768x1244.png 768w, https:\/\/endocrinordominguez.com\/wp-content\/uploads\/2024\/05\/Roberto-1-948x1536.png 948w, https:\/\/endocrinordominguez.com\/wp-content\/uploads\/2024\/05\/Roberto-1.png 1080w\" sizes=\"(max-width: 632px) 100vw, 632px\" \/><\/figure>\n<\/div>\n\n\n\n<div class=\"wp-block-column is-layout-flow wp-block-column-is-layout-flow\">\n<h2 class=\"wp-block-heading\">Dr. Roberto Dom\u00ednguez Fern\u00e1ndez <\/h2>\n\n\n\n<h3 class=\"wp-block-heading\">\u00bfTe preocupa tu salud hormonal y no sabes por d\u00f3nde empezar?<\/h3>\n\n\n\n<p>Empieza a cuidar tu salud hormonal y tu cuerpo con la ayuda de un especialista en endocrinolog\u00eda. <\/p>\n\n\n\n<p>Soy Roberto Dom\u00ednguez Fern\u00e1ndez, <strong>endocrino<\/strong>, y estoy aqu\u00ed para ofrecerte soluciones a tus problemas endocrinos y nutricionales desde la comodidad de tu hogar con mi consulta online o si lo deseas viniendo presencialmente a mi consulta.<\/p>\n\n\n\n<p>Con m\u00e1s de <strong>10 a\u00f1os de experiencia<\/strong>, he dedicado mi carrera a entender y tratar enfermedades y trastornos hormonales que afectan tu bienestar diario. <\/p>\n\n\n\n<h3 class=\"wp-block-heading\">Tu Salud, Mi Prioridad<\/h3>\n\n\n\n<p>Entiendo que lidiar con problemas endocrinos puede ser frustrante y abrumador. Por eso, me comprometo a ofrecerte un espacio seguro y confiable donde puedas expresar tus inquietudes y recibir el apoyo necesario. Mi objetivo es que te sientas acompa\u00f1ado en cada paso hacia tu bienestar. Mi enfoque integral trata no solo los s\u00edntomas, sino la ra\u00edz de los problemas, adaptando cada consulta y tratamiento a tus <strong>necesidades individuales.<\/strong><\/p>\n\n\n\n<h3 class=\"wp-block-heading\">Empieza Hoy<\/h3>\n\n\n\n<p>Te invito a dar el primer paso hacia una vida m\u00e1s saludable y equilibrada. No tienes que enfrentarte solo a tus problemas hormonales. Estoy aqu\u00ed para ayudarte a entender tu cuerpo y mejorar tu calidad de vida. Juntos, podemos lograr grandes cambios y hacer que te sientas mejor d\u00eda a d\u00eda.<\/p>\n<\/div>\n<\/div>\n\n\n\n<div class=\"wp-block-uagb-buttons uagb-buttons__outer-wrap uagb-btn__default-btn uagb-btn-tablet__default-btn uagb-btn-mobile__default-btn uagb-block-0f82b6d5\"><div class=\"uagb-buttons__wrap uagb-buttons-layout-wrap \">\n<div class=\"wp-block-uagb-buttons-child uagb-buttons__outer-wrap uagb-block-29cdd3b5 wp-block-button\"><div class=\"uagb-button__wrapper\"><a class=\"uagb-buttons-repeater wp-block-button__link\" aria-label=\"\" href=\"#\" rel=\"follow noopener\" target=\"_self\" role=\"button\"><div class=\"uagb-button__link\">Pedir cita Online<\/div><\/a><\/div><\/div>\n\n\n\n<div class=\"wp-block-uagb-buttons-child uagb-buttons__outer-wrap uagb-block-0b70e5fa wp-block-button\"><div class=\"uagb-button__wrapper\"><a class=\"uagb-buttons-repeater wp-block-button__link\" aria-label=\"\" href=\"#\" rel=\"follow noopener\" target=\"_self\" role=\"button\"><div class=\"uagb-button__link\">Pedir cita Presencial<\/div><\/a><\/div><\/div>\n<\/div><\/div>\n\n\n\n<div style=\"height:78px\" aria-hidden=\"true\" class=\"wp-block-spacer\"><\/div>\n\n\n\n<div class=\"wp-block-uagb-container uagb-block-e59b2bd3 alignfull uagb-is-root-container\">\n<div class=\"wp-block-uagb-container uagb-block-7d9f10fc alignfull uagb-is-root-container\"><div class=\"uagb-container-inner-blocks-wrap\">\n<div class=\"wp-block-uagb-container uagb-block-eb6b255a\">\n<h2 class=\"wp-block-heading has-base-3-color has-text-color has-link-color wp-elements-dae6176e34d65d32716e75f7b0a8bbf3\">Como endocrino online te ayudo a:<\/h2>\n<\/div>\n<\/div><\/div>\n\n\n\n<div class=\"wp-block-uagb-container uagb-block-28e04c5c alignfull uagb-is-root-container\"><div class=\"uagb-container-inner-blocks-wrap\">\n<div class=\"wp-block-uagb-container uagb-block-49c4c7b1\">      \n\t\t\t<div class=\"uagb-icon-wrapper uagb-block-3cdb837e  \"\t>\n\t\t\t\t\t\t\t\t\t<span class=\"uagb-svg-wrapper\" aria-label=&quot;heart-circle-check&quot;>\t\t\n\t\t\t\t\t\t\t\t\t\t<svg xmlns=\"https:\/\/www.w3.org\/2000\/svg\" viewBox= \"0 0 576 512\" role=\"graphics-symbol\" aria-hidden=\"false\" aria-label=\"\"><path d=\"M256 368C256 403.7 266.6 436.9 284.9 464.6L279.4 470.3C266.4 483.2 245.5 483.2 233.5 470.3L39.71 270.5C-16.22 212.5-13.23 116.6 49.7 62.68C103.6 15.73 186.5 24.72 236.5 75.67L256.4 96.64L275.4 75.67C325.4 24.72 407.3 15.73 463.2 62.68C506.1 100.1 520.7 157.6 507 208.7C484.3 198 458.8 192 432 192C334.8 192 256 270.8 256 368zM576 368C576 447.5 511.5 512 432 512C352.5 512 288 447.5 288 368C288 288.5 352.5 224 432 224C511.5 224 576 288.5 576 368zM476.7 324.7L416 385.4L387.3 356.7C381.1 350.4 370.9 350.4 364.7 356.7C358.4 362.9 358.4 373.1 364.7 379.3L404.7 419.3C410.9 425.6 421.1 425.6 427.3 419.3L499.3 347.3C505.6 341.1 505.6 330.9 499.3 324.7C493.1 318.4 482.9 318.4 476.7 324.7H476.7z\"><\/path><\/svg>\n\t\t\t\t\t\t\t\t\t<\/span>\n\t\t\t\t\t\t\t<\/div>\n\t\t\t\n\n\n<h3 class=\"wp-block-heading has-text-align-center has-base-3-color has-text-color has-link-color wp-elements-f8e46f7363a63f6c1199c8ee02251fc4\">Mejorar tu salud hormonal<\/h3>\n\n\n\n<p class=\"has-text-align-center has-base-3-color has-text-color has-link-color wp-elements-b773f8eaba3bfb7c1702fdf2c0e59a4b\">Encuentra el equilibrio hormonal que tu cuerpo necesita y descubre una vida llena de energ\u00eda y vitalidad.<\/p>\n<\/div>\n\n\n\n<div class=\"wp-block-uagb-container uagb-block-68b76242\">      \n\t\t\t<div class=\"uagb-icon-wrapper uagb-block-a3c36836  \"\t>\n\t\t\t\t\t\t\t\t\t<span class=\"uagb-svg-wrapper\" aria-label=&quot;hospital-user&quot;>\t\t\n\t\t\t\t\t\t\t\t\t\t<svg xmlns=\"https:\/\/www.w3.org\/2000\/svg\" viewBox= \"0 0 576 512\" role=\"graphics-symbol\" aria-hidden=\"false\" aria-label=\"\"><path d=\"M272 0C298.5 0 320 21.49 320 48V367.8C281.8 389.2 256 430 256 476.9C256 489.8 259.6 501.8 265.9 512H48C21.49 512 0 490.5 0 464V384H144C152.8 384 160 376.8 160 368C160 359.2 152.8 352 144 352H0V288H144C152.8 288 160 280.8 160 272C160 263.2 152.8 256 144 256H0V48C0 21.49 21.49 0 48 0H272zM152 64C143.2 64 136 71.16 136 80V104H112C103.2 104 96 111.2 96 120V136C96 144.8 103.2 152 112 152H136V176C136 184.8 143.2 192 152 192H168C176.8 192 184 184.8 184 176V152H208C216.8 152 224 144.8 224 136V120C224 111.2 216.8 104 208 104H184V80C184 71.16 176.8 64 168 64H152zM512 272C512 316.2 476.2 352 432 352C387.8 352 352 316.2 352 272C352 227.8 387.8 192 432 192C476.2 192 512 227.8 512 272zM288 477.1C288 425.7 329.7 384 381.1 384H482.9C534.3 384 576 425.7 576 477.1C576 496.4 560.4 512 541.1 512H322.9C303.6 512 288 496.4 288 477.1V477.1z\"><\/path><\/svg>\n\t\t\t\t\t\t\t\t\t<\/span>\n\t\t\t\t\t\t\t<\/div>\n\t\t\t\n\n\n<h3 class=\"wp-block-heading has-text-align-center has-base-3-color has-text-color has-link-color wp-elements-654a0f7c62ffa5c4c2d5aa62a4df3301\">Conocer tu organismo<\/h3>\n\n\n\n<p class=\"has-text-align-center has-base-3-color has-text-color has-link-color wp-elements-8ada6cc3ffce98f2ba805a30c9466916\">En consulta, conoce tu cuerpo y los motivos que hacen que no funcione al 100%.<\/p>\n<\/div>\n\n\n\n<div class=\"wp-block-uagb-container uagb-block-5aca601f\">      \n\t\t\t<div class=\"uagb-icon-wrapper uagb-block-5c865d42  \"\t>\n\t\t\t\t\t\t\t\t\t<span class=\"uagb-svg-wrapper\" aria-label=&quot;bolt-lightning&quot;>\t\t\n\t\t\t\t\t\t\t\t\t\t<svg xmlns=\"https:\/\/www.w3.org\/2000\/svg\" viewBox= \"0 0 384 512\" role=\"graphics-symbol\" aria-hidden=\"false\" aria-label=\"\"><path d=\"M381.2 172.8C377.1 164.9 368.9 160 360 160h-156.6l50.84-127.1c2.969-7.375 2.062-15.78-2.406-22.38S239.1 0 232 0h-176C43.97 0 33.81 8.906 32.22 20.84l-32 240C-.7179 267.7 1.376 274.6 5.938 279.8C10.5 285 17.09 288 24 288h146.3l-41.78 194.1c-2.406 11.22 3.469 22.56 14 27.09C145.6 511.4 148.8 512 152 512c7.719 0 15.22-3.75 19.81-10.44l208-304C384.8 190.2 385.4 180.7 381.2 172.8z\"><\/path><\/svg>\n\t\t\t\t\t\t\t\t\t<\/span>\n\t\t\t\t\t\t\t<\/div>\n\t\t\t\n\n\n<h3 class=\"wp-block-heading has-text-align-center has-base-3-color has-text-color has-link-color wp-elements-a1076a4d2a2323f9cabbd32cd3f4facf\">Recuperar tu energ\u00eda vital<\/h3>\n\n\n\n<p class=\"has-text-align-center has-base-3-color has-text-color has-link-color wp-elements-77e15c5bbeb27523462255d58a95c374\">Sentirte joven de nuevo y con la capacidad de hacer todo lo que quieras hacer.<\/p>\n<\/div>\n<\/div><\/div>\n<\/div>\n\n\n\n<p><\/p>\n","protected":false},"excerpt":{"rendered":"<p>Dr. Roberto Dom\u00ednguez Fern\u00e1ndez \u00bfTe preocupa tu salud hormonal y no sabes por d\u00f3nde empezar? Empieza a cuidar tu salud hormonal y tu cuerpo con la ayuda de un especialista en endocrinolog\u00eda. Soy Roberto Dom\u00ednguez Fern\u00e1ndez, endocrino, y estoy aqu\u00ed para ofrecerte soluciones a tus problemas endocrinos y nutricionales desde la comodidad de tu hogar &#8230; <a title=\"Inicio\" class=\"read-more\" href=\"https:\/\/endocrinordominguez.com\/\" aria-label=\"Read more about Inicio\">Read more<\/a><\/p>\n","protected":false},"author":1,"featured_media":0,"parent":0,"menu_order":0,"comment_status":"closed","ping_status":"closed","template":"","meta":{"_uag_custom_page_level_css":"","footnotes":""},"class_list":["post-7","page","type-page","status-publish"],"uagb_featured_image_src":{"full":false,"thumbnail":false,"medium":false,"medium_large":false,"large":false,"1536x1536":false,"2048x2048":false},"uagb_author_info":{"display_name":"endocrinordominguez.com","author_link":"https:\/\/endocrinordominguez.com\/index.php\/author\/endocrinordominguez-com\/"},"uagb_comment_info":0,"uagb_excerpt":"Dr. Roberto Dom\u00ednguez Fern\u00e1ndez \u00bfTe preocupa tu salud hormonal y no sabes por d\u00f3nde empezar? Empieza a cuidar tu salud hormonal y tu cuerpo con la ayuda de un especialista en endocrinolog\u00eda. Soy Roberto Dom\u00ednguez Fern\u00e1ndez, endocrino, y estoy aqu\u00ed para ofrecerte soluciones a tus problemas endocrinos y nutricionales desde la comodidad de tu hogar&hellip;","_links":{"self":[{"href":"https:\/\/endocrinordominguez.com\/index.php\/wp-json\/wp\/v2\/pages\/7"}],"collection":[{"href":"https:\/\/endocrinordominguez.com\/index.php\/wp-json\/wp\/v2\/pages"}],"about":[{"href":"https:\/\/endocrinordominguez.com\/index.php\/wp-json\/wp\/v2\/types\/page"}],"author":[{"embeddable":true,"href":"https:\/\/endocrinordominguez.com\/index.php\/wp-json\/wp\/v2\/users\/1"}],"replies":[{"embeddable":true,"href":"https:\/\/endocrinordominguez.com\/index.php\/wp-json\/wp\/v2\/comments?post=7"}],"version-history":[{"count":26,"href":"https:\/\/endocrinordominguez.com\/index.php\/wp-json\/wp\/v2\/pages\/7\/revisions"}],"predecessor-version":[{"id":70,"href":"https:\/\/endocrinordominguez.com\/index.php\/wp-json\/wp\/v2\/pages\/7\/revisions\/70"}],"wp:attachment":[{"href":"https:\/\/endocrinordominguez.com\/index.php\/wp-json\/wp\/v2\/media?parent=7"}],"curies":[{"name":"wp","href":"https:\/\/api.w.org\/{rel}","templated":true}]}}